37
Let l(j) = 2*j - 6. Determine l(4).
2
Let a(f) = -5*f + 4. Determine a(3).
-11
Let j(d) = 25*d + 15. Calculate j(-1).
-10
Let u(t) = t**3 + 10*t**2 + 4*t - 2. Give u(-10).
-42
Let u(b) = b**3 + 5*b**2 - 6*b + 13. Give u(-6).
13
Let j(v) = v**3 - v**2 - v. Determine j(-1).
-1
Let g(k) = -5*k - 5. What is g(-8)?
35
Let o(w) = 3*w**2 + 3*w - 1. What is o(-3)?
17
Let g(o) = 3*o**2 + 3*o. Determine g(-2).
6
Let a(l) = -l**2 - l + 17. What is a(5)?
-13
Let t(c) = -2*c**2 - 37*c - 153. Determine t(-6).
-3
Let q(l) = 3*l + 3. What is q(7)?
24
Let z(v) = v**2 + 9*v - 6. Determine z(-6).
-24
Let z(o) = -o**3 + 11*o**2 - 4*o + 47. Determine z(11).
3
Let k(z) = -22*z - 1. What is k(4)?
-89
Let s(j) = -16*j + 13. What is s(2)?
-19
Let l(i) = i**2 - 2*i - 9. Calculate l(6).
15
Let t(m) = 2*m**3 + 38*m**2 + 38*m + 15. Calculate t(-18).
-21
Let x(v) = -13*v**3 + 2*v**2 - 3*v + 1. Calculate x(1).
-13
Let k(l) = -4*l + 12. Determine k(6).
-12
Let i(z) = -z**2 + 8*z - 9. What is i(7)?
-2
Let s(i) = -49*i - 1328. What is s(-27)?
-5
Let y(k) = -k + 15. Give y(10).
5
Let b(l) = -l**3 + 5*l**2 + 3*l + 4. Calculate b(6).
-14
Let n(a) = 22*a + 1. What is n(4)?
89
Let d(l) = l**2 + 21*l - 5. Give d(-21).
-5
Let u(j) = -4*j - 11. Give u(-3).
1
Let h(x) = -x**3 + 5*x**2 + 8*x + 2. Determine h(6).
14
Let a(p) = -p**3 - 12*p**2 - 4*p - 1. What is a(-12)?
47
Let r(n) = -2*n**3 + 9*n**2 + 12. Determine r(5).
-13
Let w(q) = q - 14. Calculate w(12).
-2
Let k(m) = -m**2 - 8*m - 12. Give k(-5).
3
Let a(l) = l**2 + 3*l - 6. Calculate a(-6).
12
Let g(x) = 2*x**3 - 9*x**2 - 2*x + 3. What is g(4)?
-21
Let n(c) = c**3 + 2*c**2 - 4*c - 3. Calculate n(-3).
0
Let y(s) = 11*s**2 + 91*s + 18. Give y(-8).
-6
Let m(i) = 3*i - 25. Calculate m(6).
-7
Let q(h) = 5*h + 12. Determine q(6).
42
Let d(p) = 2*p**2 - 3*p + 4. Determine d(3).
13
Let c(z) = -2*z + 11. Calculate c(5).
1
Let k(r) = -17*r + 1. What is k(-1)?
18
Let x(j) = -15*j - 10. Calculate x(4).
-70
Let j(l) = -l**3 - l + 19. Determine j(0).
19
Let v(i) = -3*i**2 - 5*i - 2. Calculate v(-4).
-30
Let y(a) = -a**2 + 27*a - 189. Calculate y(15).
-9
Let s(o) = -o**3 - 3*o**2 + 3*o. What is s(-3)?
-9
Let h(i) = 22*i**3 - i**2 + 5*i - 4. Determine h(1).
22
Let h(u) = 18*u**2 + 6*u - 2. What is h(-2)?
58
Let y(k) = k**3 + 29*k**2 + 52*k - 57. Determine y(-27).
-3
Let a(u) = u**2 + u - 74. Give a(8).
-2
Let y(w) = w + 13. Give y(9).
22
Let g(q) = -q**3 + 10*q**2 + 27*q - 30. Calculate g(12).
6
Let h(q) = -62*q + 13. Give h(1).
-49
Let p(z) = z**3 + 7*z**2 + 9*z + 6. Calculate p(-6).
-12
Let q(b) = -b**3 - 7*b**2 - 15*b - 53. What is q(-6)?
1
Let r(s) = 2*s + 1. Determine r(-4).
-7
Let o(t) = 13*t + 60. Calculate o(6).
138
Let c(n) = n**3 - 4*n**2 - 3*n + 18. Calculate c(3).
0
Let v(y) = -y**3 + 8*y**2 + 10*y + 6. Determine v(9).
15
Let l(y) = y**2 + 13*y + 25. Determine l(-10).
-5
Let h(c) = c**3 - 4*c**2 + c + 7. Give h(3).
1
Let d(t) = -t**2 + 9*t - 13. Calculate d(7).
1
Let b(z) = z + 29. Determine b(-9).
20
Let j(n) = n**2 - 3*n + 3. Give j(8).
43
Let w(j) = j**3 - 16*j**2 + 15*j + 11. Give w(15).
11
Let h(i) = i**3 - i**2 - 2*i - 46. What is h(0)?
-46
Let s(l) = -l**3 - 5*l**2 + 4*l + 4. Determine s(3).
-56
Let h(k) = k + 1. Give h(5).
6
Let l(v) = -2*v + 39. Give l(13).
13
Let t(c) = -c - 15. Give t(-12).
-3
Let a(r) = r**2 - 11*r - 8. Determine a(6).
-38
Let t(g) = g**3 - 20*g**2 - 7. Calculate t(20).
-7
Let m(w) = 9*w**3. Give m(1).
9
Let y(w) = -w**3 - w**2 - 6*w. Give y(2).
-24
Let i(z) = 73*z**3 - 2*z**2 + 1. Determine i(1).
72
Let f(z) = -3*z + 8. Calculate f(17).
-43
Let j(r) = -3*r - 107. What is j(-35)?
-2
Let s(q) = -2*q - 20. Calculate s(-18).
16
Let o(c) = -c**3 - 2*c - 5. Determine o(0).
-5
Let a(m) = -m**3 + 6*m**2 + 5*m - 5. What is a(7)?
-19
Let p(c) = c**2 - 9*c - 139. Give p(18).
23
Let t(f) = -14*f + 55. Determine t(5).
-15
Let t(r) = -5*r**2 + 5*r + 6. Determine t(-1).
-4
Let t(y) = -29*y + 2. Determine t(-1).
31
Let a(p) = p**3 - 5*p**2 - 5*p + 10. Calculate a(5).
-15
Let u(l) = -8*l + 36. Determine u(20).
-124
Let s(w) = w**2 - 6*w - 42. What is s(-6)?
30
Let h(j) = 16*j - 71. Determine h(5).
9
Let p(s) = -s**2 + 8*s - 9. Calculate p(6).
3
Let r(q) = 8*q - 5. Determine r(0).
-5
Let j(y) = 9*y**2 + 22*y + 36. Give j(-2).
28
Let l(u) = -6*u + 3. Determine l(0).
3
Let a(k) = -k**2 + 2*k - 1. Calculate a(-3).
-16
Let l(z) = -2*z**2 - 6*z + 1. Give l(-5).
-19
Let q(r) = -36*r + 220. Determine q(6).
4
Let c(f) = -f**3 + 15*f**2 - 14*f - 6. What is c(14)?
-6
Let z(h) = 4*h**2 - 5*h + 3. Calculate z(3).
24
Let b(g) = g**2 + 6*g - 51. Give b(5).
4
Let y(r) = 8*r**2 + 4*r + 18. Calculate y(-3).
78
Let c(w) = w**3 + 6*w**2 - 2*w - 12. Determine c(-6).
0
Let c(y) = -y + 26. Calculate c(32).
-6
Let x(i) = -i**2 - 44*i - 117. Calculate x(-3).
6
Let a(t) = 6*t - 70. Calculate a(12).
2
Let x(f) = -9*f - 6. Determine x(-5).
39
Let i(r) = -r**2 + 3*r + 10. What is i(-6)?
-44
Let z(b) = 3*b - 33. Give z(13).
6
Let c(y) = -y**2 + 7*y + 44. Determine c(0).
44
Let b(p) = p**2 - 11*p + 19. Give b(9).
1
Let j(p) = -p**3 - 8*p**2 + 9*p + 8. What is j(-9)?
8
Let t(b) = -b - 12. Give t(-24).
12
Let o(j) = -j**2 + 3*j + 1. What is o(8)?
-39
Let j(a) = 2*a + 8. Give j(-14).
-20
Let c(d) = -2*d + 23. Calculate c(10).
3
Let j(b) = 2*b**2 - 93*b - 69. Give j(47).
-22
Let b(r) = 7*r - 46. What is b(3)?
-25
Let o(m) = 2*m - 13. Determine o(11).
9
Let m(d) = d**2 - d - 5. Calculate m(-6).
37
Let w(z) = -z**2 - 10*z + 13. What is w(-9)?
22
Let q(z) = -3*z**2 - 12*z - 6. Give q(-5).
-21
Let l(f) = -21*f + 212. Calculate l(10).
2
Let r(y) = -y**3 - 6*y**2 + 4*y + 3. Determine r(-6).
-21
Let m(b) = -b**3 + 5*b**2 - 8*b + 7. What is m(3)?
1
Let d(m) = -3*m**2 - 11*m + 5. Determine d(-3).
11
Let w(f) = -f - 2. Determine w(9).
-11
Let g(p) = 3*p**3 + 2*p**2 - 3*p. Calculate g(2).
26
Let f(g) = -143*g + 579. Give f(4).
7
Let v(m) = m**3 + 2*m**2 + 3. Give v(-4).
-29
Let l(o) = -o**2 + 2*o - 45. What is l(-6)?
-93
Let o(y) = y**3 - 8*y**2 + 7*y + 12. What is o(6)?
-18
Let b(h) = -133*h**2 - 6*h - 5. What is b(-1)?
-132
Let b(d) = d - 15. What is b(3)?
-12
Let y(s) = -2*s**3 + 40*s**2 - 4*s + 70. Give y(20).
-10
Let q(a) = -125*a + 367. Determine q(3).
-8
Let k(r) = -r**3 + 5*r**2 + r - 1. What is k(5)?
4
Let c(u) = -12*u + 16. Determine c(2).
-8
Let o(h) = -h**3 - 8*h**2 - 11*h - 88. Give o(-8).
0
Let i(m) = -m**2 + 8*m + 32. Calculate i(13).
-33
Let i(q) = q**2 - 6*q + 15. Calculate i(2).
7
Let h(a) = -a**3 - 11*a**2 + 13*a + 9. Calculate h(-12).
-3
Let l(g) = g**3 - 5*g**2 + 11*g - 27. Give l(4).
1
Let w(c) = -c**3 + c**2 + c - 35. What is w(0)?
-35
Let c(l) = -4*l**2 - 10*l + 9. What is c(-4)?
-15
Let y(j) = 7*j. Determine y(0).
0
Let k(t) = -t**2 + 4*t + 4. Give k(-2).
-8
Let b(a) = 20*a**3 + a**2 - 1. Determine b(1).
20
Let r(w) = -5*w + 5. Determine r(2).
-5
Let o(p) = p**3 - 9*p**2 + 13*p + 1. Give o(8).
41
Let m(z) = -z**3 + 8*z**2 - z + 8. Calculate m(8).
0
Let n(v) = 77*v + 2. Give n(0).
2
Let w(x) = x**3 - 9*x**2 + 10*x. Give w(7).
-28
Let z(r) = r**2 + 16*r - 22. Determine z(-17).
-5
Let c(u) = 101*u**2 + 1. What is c(-1)?
102
Let c(o) = o**2 + 12*o + 54. Determine c(-9).
27
Let x(l) = -6*l**2 + 2*l. Calculate x(2).
-20
Let x(a) = a**2 + 16*a + 19. Give x(-13).
-20
Let c(t) = -2*t**3 - 9*t**2 + 16*t - 4. Give c(-6).
8
Let v(y) = -y**3 + 7*y**2 + y. What is v(7)?
7
Let o(s) = -3*s - 30. Calculate o(-11).
3
Let d(u) = -u**3 - 10*u**2 + 8*u + 27. What is d(-11)?
60
Let n(h) = -8*h + 43. Calculate n(5).
3
Let p(r) = -r**3 - 8*r**2 - 14*r + 11. Calculate p(-5).
6
Let k(f) = 42*f - 5. Determine k(0).
-5
Let a(n) = 15*n**2 + 2*n - 2. Calculate a(2).
62
Let k(m) = -m**3 + 10*m**2 - 2*m + 12. What is k(10)?
-8
Let t(x) = x**3 - 10*x**2 - 9*x - 21. What is t(11)?
1
Let l(o) = 3*o + 3. Calculate l(-4).
-9
Let v(u) = -u**3 + 24*u**2 - 24*u + 22. What is v(23)?
-1
Let o(w) = -w**2 - 14*w - 10. Give o(-8).
38
Let u(t) = 5*t + 8. What is u(2)?
18
Let x(u) = -u**2 - 10*u. Give x(-11).
-11
Let r(g) = -6*g - 1. Calculate r(-6).
35
Let k(n) = 4*n - 29. Determine k(6).
-5
Let u(x) = -x**3 + 9*x**2 + 23*x - 9. Determine u(11).
2
Let b(c) = -c**2 + 6*c + 6. Calculate b(6).
6
Let m(l) = l**2 - 6*l - 10. Give m(7).
-3
Let o(t) = 17*t**3 - t**2 - 2*t - 1. Calculat